actor of 1403 and 575.
23
Calculate the greatest common divisor of 139417 and 68.
17
What is the highest common factor of 574 and 52357?
41
Calculate the greatest common factor of 440053 and 41.
41
Calculate the highest common divisor of 97260 and 180.
60
Calculate the greatest common divisor of 387 and 87.
3
Calculate the highest common factor of 112539 and 25599.
483
Calculate the highest common factor of 7728 and 36156.
276
What is the greatest common divisor of 8700 and 1160?
580
Calculate the highest common factor of 1878 and 4464.
6
Calculate the highest common divisor of 1479 and 2175.
87
Calculate the greatest common divisor of 2545 and 140.
5
What is the highest common divisor of 8640 and 15?
15
Calculate the greatest common divisor of 288601 and 191.
191
Calculate the highest common divisor of 198 and 24642.
18
Calculate the highest common divisor of 126 and 342153.
63
What is the highest common divisor of 7587 and 324?
27
Calculate the greatest common factor of 27012 and 108.
12
What is the greatest common divisor of 2252 and 36?
4
What is the highest common factor of 51 and 455991?
51
What is the highest common factor of 576 and 9522?
18
What is the greatest common divisor of 2094 and 87599?
349
What is the greatest common factor of 111 and 734598?
111
Calculate the greatest common factor of 7042 and 1442.
14
Calculate the highest common divisor of 121767 and 6.
3
What is the highest common divisor of 4246450 and 13?
13
Calculate the highest common divisor of 2477767 and 92.
23
Calculate the highest common factor of 128055 and 420.
15
Calculate the greatest common divisor of 87246 and 814.
74
Calculate the greatest common factor of 9537 and 6.
3
What is the greatest common factor of 391248 and 17328?
912
What is the highest common factor of 10854773 and 101?
101
What is the greatest common factor of 621 and 39?
3
Calculate the greatest common divisor of 2352 and 9456.
48
What is the greatest common factor of 240 and 414320?
80
Calculate the highest common factor of 5332 and 146196.
124
Calculate the highest common divisor of 88 and 14454.
22
Calculate the highest common factor of 442944 and 54.
18
Calculate the highest common divisor of 24604 and 8.
4
What is the greatest common factor of 22795 and 388?
97
Calculate the highest common divisor of 540 and 855.
45
Calculate the highest common divisor of 395120 and 22.
22
What is the greatest common divisor of 4598 and 950?
38
Calculate the highest common factor of 459914 and 13.
13
Calculate the greatest common divisor of 46 and 374302.
46
What is the highest common factor of 57 and 302841?
57
What is the greatest common divisor of 796476 and 18?
6
Calculate the greatest common factor of 288 and 11382.
6
What is the highest common factor of 31790 and 4420?
170
Calculate the greatest common divisor of 1144997 and 133.
133
Calculate the greatest common factor of 382 and 769921.
191
Calculate the highest common factor of 135824 and 96.
16
What is the highest common divisor of 35391 and 1081?
47
What is the greatest common divisor of 1412 and 2491827?
353
Calculate the highest common factor of 1054 and 25110.
62
What is the greatest common factor of 19003 and 54557?
613
Calculate the greatest common factor of 570355 and 740.
185
Calculate the greatest common divisor of 1426 and 726547.
713
Calculate the greatest common factor of 126548 and 442.
34
Calculate the highest common divisor of 168 and 81249.
21
Calculate the greatest common divisor of 176407 and 237.
79
What is the greatest common divisor of 1366 and 74?
2
Calculate the highest common divisor of 4031753 and 626.
313
What is the highest common divisor of 26204 and 12?
4
Calculate the highest common factor of 348232 and 16.
8
What is the greatest common factor of 352 and 731984?
176
Calculate the highest common factor of 4065406 and 47.
47
Calculate the highest common divisor of 64860 and 376.
188
Calculate the greatest common factor of 257000 and 220.
20
What is the highest common divisor of 724 and 274758?
362
Calculate the greatest common divisor of 994 and 11746.
14
What is the highest common factor of 6308 and 304?
76
What is the highest common divisor of 612 and 5763?
51
Calculate the greatest common factor of 153495 and 261.
9
Calculate the greatest common divisor of 27904 and 55372.
436
What is the greatest common divisor of 153 and 70312?
17
What is the highest common divisor of 264 and 185064?
264
Calculate the highest common factor of 950 and 61066.
38
What is the greatest common divisor of 492 and 112422?
246
Calculate the highest common factor of 183 and 60573.
183
Calculate the greatest common divisor of 248850 and 9243.
711
What is the highest common divisor of 1281 and 307013?
427
What is the greatest common factor of 242 and 379753?
11
Calculate the highest common factor of 1460 and 16352.
292
What is the highest common factor of 570380 and 2765?
395
Calculate the highest common divisor of 168929 and 1615.
323
Calculate the greatest common divisor of 520149 and 403.
31
Calculate the greatest common divisor of 672000 and 10.
10
What is the greatest common divisor of 97485 and 804?
201
What is the greatest common factor of 21475 and 40?
5
Calculate the greatest common divisor of 235 and 93915.
5
Calculate the highest common divisor of 575 and 1357.
23
What is the highest common factor of 3070 and 1300452?
614
What is the highest common divisor of 146 and 3463412?
146
Calculate the greatest common factor of 380 and 687420.
380
Calculate the highest common factor of 8529 and 3.
3
Calculate the highest common factor of 9269 and 437.
23
What is the greatest common factor of 195 and 8567?
13
Calculate the highest common factor of 264 and 582384.
264
Calculate the highest common factor of 43811 and 772.
193
What is the highest common divisor of 21896 and 31892?
476
Calculate the highest common divisor of 24543 and 2.
1
Calculate the greatest common divisor of 271845 and 210.
105
What is the highest common divisor of 979474 and 436?
218
What is the highest common divisor of 6198 and 8?
2
Calculate the greatest common divisor of 16371 and 2295.
153
Calculate the highest common factor of 1449 and 342286.
161
What is the highest common factor of 832 and 5584?
16
What is the highest common divisor of 191 and 3524141?
191
Calculate the greatest common factor of 30 and 2910.
30
Calculate the greatest common divisor of 1005 and 1967455.
335
What is the highest common divisor of 4 and 6998?
2
What is the greatest common factor of 565397 and 7847?
413
Calculate the greatest common divisor of 1285836 and 84.
12
What is the highest common divisor of 13688 and 22184?
472
Calculate the greatest common factor of 144 and 48272.
16
What is the highest common divisor of 12 and 577092?
12
What is the greatest common divisor of 5085 and 141363?
1017
Calculate the highest common divisor of 506 and 5571819.
253
Calculate the highest common divisor of 540 and 17880.
60
What is the highest common divisor of 129393 and 165?
33
Calculate the highest common factor of 52 and 183573.
13
Calculate the highest common divisor of 64 and 206144.
64
Calculate the greatest common factor of 51 and 5811297.
51
What is the highest common factor of 658 and 31302?
94
Calculate the highest common factor of 12 and 14628.
12
Calculate the highest common divisor of 114 and 47063.
19
Calculate the greatest common factor of 1379727 and 411.
411
Calculate the greatest common factor of 20 and 992564.
4
What is the greatest common factor of 22134 and 63?
21
What is the greatest common divisor of 1105 and 68170?
85
Calculate the highest common divisor of 1711270 and 8272.
1034
Calculate the greatest common divisor of 742365 and 14580.
1215
Calculate the highest common factor of 8 and 900.
4
What is the highest common factor of 177856 and 2382?
794
Calculate the highest common factor of 676 and 1014.
338
Calculate the greatest common factor of 209 and 3933.
19
Calculate the greatest common factor of 9990 and 75.
15
Calculate the highest common divisor of 2794 and 902.
22
Calculate the greatest common divisor of 321935 and 31.
31
What is the greatest common factor of 318 and 2438?
106
Calculate the highest common factor of 84 and 26868.
12
What is the highest common fa